+ (2 - 1) + (-9 - -7).
1
Calculate -4 - (-4 + -5 - -9).
-4
-19 + 15 - (-9 + 3 + 1)
1
-2 + (-1 - -5 - -3)
5
What is the value of 1 + (0 - 3) - -3 - 4?
-3
What is -3 - (-14 + 13 + 0 + -1)?
-1
Evaluate 1 + 2 - (6 - (6 + -1)).
2
What is -10 + -9 + 3 + 10?
-6
What is the value of -12 + 14 + 0 + (-1 - 2)?
-1
7 + -14 + -3 - (-5 - 3)
-2
What is the value of -1 + 0 + -1 + 0 + 4?
2
What is the value of -5 + -3 + 0 - -3?
-5
Evaluate (-12 - -6) + 3 + 2 + -7.
-8
Calculate -1 + (5 - 4 - -1) - -5.
6
What is the value of 7 + (3 + -7 - -1) + -1?
3
Calculate 0 + -2 - (-10 - -4).
4
Evaluate 14 - (-12 + 9 + 11).
6
What is the value of 4 + (-4 - -8) + -5 + 2?
5
What is the value of -2 + 4 - (25 + -15)?
-8
Evaluate 0 - -6 - (-9 + 9).
6
What is (-1 - -3) + (15 - 20)?
-3
Evaluate 5 + -1 - (5 + -9 - -5).
3
Calculate 5 + -4 + 2 + -1 + -5.
-3
0 + 0 + (-40 - -45) - 10
-5
-24 + 19 + -1 + 7
1
Calculate -4 + 6 + -1 - (-1 - -1).
1
Evaluate 12 - ((0 - -13) + -7).
6
Evaluate -6 - -2 - (24 + -26) - -5.
3
Evaluate (-2 + 6 - 6) + 5.
3
What is (2 - (3 + -2)) + 1 + -6?
-4
Evaluate -5 + (13 - (13 - (-5 + 11))).
1
4 + -4 - (-2 - 0)
2
2 + (5 - -3) + -5
5
Evaluate -5 + 6 + 2 + 4.
7
2 - 1 - -11 - (-10 + 16)
6
(0 - 2 - -2) + (9 - 13)
-4
What is -8 + 10 + -1 + 3 + -8?
-4
What is the value of -10 + 21 + -12 + 7?
6
What is the value of -12 + (1 - -5) + (8 - 6)?
-4
-4 + 3 - (5 + 2 - 3)
-5
What is 0 + -8 - (-6 + -6) - 5?
-1
What is the value of 2 + (1 + -3 - -2) + -2?
0
-8 + (-5 - -9) + 4
0
Calculate 1 - 10 - (70 + -71).
-8
What is 2 - 0 - (17 + -18)?
3
What is the value of 0 - (2 + 4) - (3 - 6)?
-3
What is -5 - (-2 - 5) - (-2 - -8)?
-4
What is 0 - (-4 - -12) - -14?
6
2 - (-3 - (-16 + 4))
-7
What is the value of (-3 - 5) + (-3 - -6)?
-5
(-1 - -1) + 3 + -2 + -2
-1
Calculate (-12 - -17) + (-6 - -2).
1
Calculate -83 + 77 - (1 + -6).
-1
-4 - -3 - (-6 + 6 - -1)
-2
Evaluate (3 + -5 - -6) + -9.
-5
Evaluate -5 + 4 + -4 + 4.
-1
-1 + (-6 - -4) - 1 - -3
-1
What is 0 - (0 + (3 - -2))?
-5
4 - -2 - 4 - (-9 + 13)
-2
What is the value of -8 + 14 + -1 - (14 - 3)?
-6
Calculate 3 - (7 - (0 - 4 - 0)).
-8
6 + (6 - 8) + -11 + 1
-6
Evaluate 0 + -1 + (-3 - -10) - 0.
6
Calculate (7 - (-6 + 9)) + 0 + 5.
9
What is 2 + -2 + (2 - -2)?
4
-7 + 2 + -2 - 0
-7
Evaluate 5 + (-3 - (-4 - -8)) + -6.
-8
Evaluate 1 + 3 + -2 + 4 + -8.
-2
Calculate (-2 - -3) + 3 - (-1 - 3).
8
Evaluate 5 + 3 + (1 - (-2 + 8)).
3
What is 7 + (-3 + 0 - (1 - 2))?
5
2 + (0 - (-4 - -11) - -2)
-3
(6 - 0) + (-11 - (-2 - 6))
3
What is the value of -1 + -4 - (-4 + -2)?
1
What is the value of -1 + -2 - (-48 + 53)?
-8
What is the value of 9 + -10 - (2 + 0 + 0)?
-3
What is the value of (-1 - -5 - 5) + 6?
5
What is the value of 1 + -1 + -3 + 6?
3
What is the value of -8 + 3 + 8 + -5?
-2
Evaluate 1 - 2 - (-2 + 0 + 0).
1
9 - (2 + 3 + 8)
-4
Evaluate -16 - (-4 - (-1 - -4)).
-9
What is the value of 0 - 7 - (41 + -48)?
0
Calculate (-4 - (-5 + (2 - -4))) + 1.
-4
(5 - (0 + -5)) + -2
8
Calculate -8 - ((0 - 0) + -8 - -5).
-5
What is the value of 2 + 6 - (5 + -1)?
4
Evaluate 2 + -5 + -2 + 5.
0
-11 - (4 + -10 - 0)
-5
What is the value of 4 - (2 + -2 + -1)?
5
Evaluate 6 + 0 + (35 - 48).
-7
Calculate -8 + 2 + (-11 - -11).
-6
What is -3 + 2 - (0 - -2 - 0)?
-3
Calculate 4 + (-1 + 4 - 3) - 8.
-4
Calculate (-11 + 11 - (-3 - -1)) + -10.
-8
Evaluate 0 + (1 - -2) - (-2 - -2).
3
6 + 2 + 28 + -40
-4
Calculate 4 - (-2 + 1 + 2).
3
What is the value of 5 - (2 - (-3 + 4)) - 6?
-2
What is the value of 25 - 22 - (5 - -1) - 3?
-6
Calculate 0 + (-2 + -1 - (16 + -15)).
-4
What is the value of (-14 - -13) + (0 - -3)?
2
Evaluate -14 - -20 - (1 + 8).
-3
What is -48 + 45 - (-1 - (0 - -4))?
2
Evaluate (-12 - -4) + 16 + -13.
-5
Evaluate (3 - 0) + (4 - (-4 + 7)).
4
What is the value of (0 - -7) + -7 - (0 + -4)?
4
(8 - -3) + -13 + 9
7
Evaluate 46 + -35 - (6 + 0).
5
Evaluate (-14 - (-1 - 6)) + 2.
-5
Calculate -4 + -3 + 4 + 0.
-3
What is 2 + 2 - (2 + 1)?
1
Calculate 2 + (0 - 4) + 3.
1
-1 + -5 - (-3 - (0 - 3))
-6
2 + 5 + -2 + (-2 - -1)
4
What is the value of (-22 - -6) + 11 - -13?
8
Calculate -1 + 2 + (-11 - -33 - 31).
-8
What is 9 + 8 + -19 - 2?
-4
What is (4 - (-6 - -14)) + 6?
2
5 + -10 - -6 - 0
1
Evaluate -20 + 20 - (1 - -5).
-6
2 + -5 - (-9 + (-1 - -5))
2
(2 - 3) + 15 + -15
-1
Calculate (4 - 2) + (0 - 2).
0
What is (-4 + (2 - -4) - -3) + -2?
3
What is -1 + (-10 - -6) + 8?
3
What is -3 - (0 + (12 - 9))?
-6
Evaluate 6 - (-6 + 19 + -9).
2
Evaluate 0 + 0 + -1 + -2 - -1.
-2
What is 0 - 0 - (3 + (13 - 13))?
-3
What is 4 + 9 + (1 - 12)?
2
What is -4 - ((3 - -7) + -8)?
-6
What is the value of 5 - (5 + -9 - -5)?
4
Evaluate 5 - (-3 - (-5 + 2)).
5
What is -4 + 4 + -6 + 5 - 4?
-5
Calculate 12 - (7 - (-2 - -2 - -3)).
8
Evaluate -4 - (6 - (3 - -3)).
-4
(-1 + (6 - 8) - 5) + 10
2
Calculate 40 + -42 - (3 - 1 - 0).
-4
What is the value of (0 - -1 - -7) + (21 - 23)?
6
What is the value of (4 - 3) + (2 - 3 - 5)?
-5
What is the value of (10 - 10) + 0 + (-1 - -8)?
7
What is the value of (13 - 7) + 1 + -3?
4
What is 3 + -1 + 6 + -9?
-1
Calculate (3 + 0 - 4) + 4 + -1.
2
Calculate 11 + -7 - (0 - -4 - -1).
-1
What is the value of (-1 - 3) + 2 + 3 + 1?
2
1 - 0 - (0 - 0)
1
(-3 - 3) + 4 + -1
-3
What is the value of 8 + (-10 + 5 - (3 + -4))?
4
Calculate 6 - (22 - (0 - -1)) - -7.
-8
What is -13 + 8 - -9 - 6?
-2
5 - (0 + 0 + 3 - 1)
3
Calculate -2 + 8 + -7 + 5.
4
Calculate -4 + 0 - (2 - 1).
-5
Evaluate (-3 - (-1 - 1)) + -1.
-2
What is the value of 1 - 3 - (-5 + 1)?
2
What is -15 + 15 - (-5 + -3)?
8
Evaluate 0 + (2 - 3) + -2 + -1.
-4
What is the value of (6 - 4) + -2 + 6 + -1?
5
What is (-2 - 2) + (-16 - -22)?
2
What is 0 + (2 - (0 - -5)) + 5?
2
Calculate -8 + -7 + 4 + 8.
-3
Evaluate 6 - (-5 - (0 + 2 + -19)).
-6
What is the value of 3 + (-4 + (1 - -3) - -2)?
5
(0 - -5) + 3 + -5 + -6
-3
-1 - (-3 - (-5 - -2)) - -1
0
What is -4 + 18 + -1 + -8?
5
What is the value of -2 - (0 - (-2 + 2 + 1))?
-1
What is the value of 2 + 1 - (-2 - -7 - 4)?
2
Evaluate 1 + (1 - (-3 - (-2 + -4))).
-1
What is 0 - (6 - -2) - (1 - 5)?
-4
-6 - ((-2 - (0 - 8)) + -11)
-1
What is the value of 3 + (-1 + 4 - 2) + -9?
-5
What is -113 + 112 + -1 + -1?
-3
-7 + (5 - -3 - 9)
-8
Calculate 5 + -9 + 3 + 4.
3
4 + (4 - (1 - -1) - 11)
-5
-15 - -5 - (-3 + 0)
-7
(-15 + 6 - -5) + -1 + 4
-1
Evaluate (11 - (1 - -6)) + -5.
-1
Calculate 0 - -4 - (34 + -33).
3
Evaluate -4 + 0 + (-6 - -2).
-8
What is -2 + 0 + (-11 - -5) + 7?
-1
What is -2 + 1 + 5 - (-5 + 4)?
5
Evaluate -3 - (5 + (-3 + 0 - 3)).
-2
What is the value of 1 - 6 - -4 - (-1 + 1)?
-1
What is -15 + (12 - 4) - -8?
1
Calculate -2 + 14 - 10 - 5.
-3
(-8 - (3 - 6)) + (-4 - -3)
-6
Evaluate 1 + (1 - (-3 - -1) - 2).
2
Calculate 3 - (-3 - (4 - 11)).
-1
What is the value of -4 + (-4 - -1) + 4 + 5?
2
What is the value of (-7 - (-1 - -5)) + 3?
-8
Calculate 1 + -1 + -7 + 5 + 7.
5
What is the value of 11 + -1 + -5 + -5?
0
Calculate -6 + (-7 - -5) + 4.
-4
What is -2 + (0 - (-3 + 4))?
-3
Evaluate -1 + 3 - (1 - 4).
5
-13 + (-9 - -5) + 8
-9
Calculate (3 - (5 - 2)) + 0.
0
What is 3 + -3 - (8 - 9)?
1
Calculate 4 + (9 - 12) + -2.
-1
Evaluate 1 + -1 + 1 - (-4 + 1).
4
Calculate -3 - (-13 - (0 + -5)).
5
Calculate (-26 - -32) + (-7 - 1).
-2
What is the value of -2 - (-9 - -6 - -6)?
-5
What is the value of (17 + -23 - (-1 - 4)) + 1?
0
What is -3 + 2 + (6 - 3) + 1?
3
Evaluate 3 - (10 + -7 - 2).
2
What is the value of 7 - (6 - -1) - (-4 - 1)?
5
Calculate (1 - 1) + (-4 - -5) + 1.
2
Calculate 6 - (8 - 14) - 4.
8
0 - 2 - (-12 + 8 + 3)
-1
Calculate (-34 + 12 - -11) + 8.
-3
3 + (2 - ((2 - -3) + 3))
-3
Evaluate -9 - 9 - (0 + -10).
-8
-3 - (-3 + 7 - (16 + -16))
-7
Evaluate -2 + 0 + 0 + 2.
0
What is the value of -1 + (7 - 1) + 1?
6
What is 1 - (-9 - -5) - 5?
0
What is the value of 4 + (-6 - (-4 + 4 + -5))?
3
What is -4 + (-3 - (2 - 4))?
-5
What is the value of -1 - -7 - (-1 + -3 - -7)?
3
-11 + 14 - (-1 - (-7 + 2))
-1
Evaluate (2 - -6) + (-2 - 1).
5
(-4 + -2 + 2 - -1) + 7
4
What is the value of (22 - 27) + (2 - -6)?
3
(-9 + 3 - -1) + (-1 - -3)
-3
Calculate -12 + 10 + (-9 - -8 - 1).
-4
1 + 0 + (-33 - -26)
-6
(10 - 3) + (0 + -2 - 1)
4
Calculate 13 + -19 - (0 + 2 + -12).
4
Evaluate -5 + (6 - -4) + -7.
-2
(2 - 0 - 3) + 2 + 2
3
Evaluate 3 + -3 + 6 + -8.
-2
(0 - -2 - (-6 - -7)) + 3
4
Calculate 3 + -1 + 9 + -8.
3
What is 2 - (7 + -3 + 3 + 1)?
-6
Evaluate -1 - (-8 + 4) - 